be g(-12). Suppose 0*b + 2*b - 4*v - 72 = o, 3*b - 141 = -5*v. Calculate the highest common divisor of b and 28.
14
Suppose -i - 2*s = 2*i + 52, i + 20 = 2*s. Let u be 20/(-6)*i/10. What is the greatest common divisor of 66 and u?
6
Let y(n) = n + 2. Suppose 3*g + 1 = -c, 2*g - g - 65 = -5*c. Let z be y(c). Let o be 6*6*8/2. What is the highest common divisor of o and z?
16
Let f(c) = c + 20. Let v be f(0). Let u = 83 + -43. What is the highest common factor of u and v?
20
Suppose -l + 195 = 5*f, 0*l = -2*l + 4*f + 348. What is the highest common divisor of l and 20?
20
Let z(d) = 32*d - 10. Let r be z(2). What is the highest common factor of 6 and r?
6
Let l be -1 + (2 - -2) - -9. Calculate the greatest common divisor of l and 18.
6
Let c(b) = -b**2 + 6*b - 6. Let a be c(4). Suppose 0 = -a*h + 7 + 25. Calculate the greatest common factor of 80 and h.
16
Let t be 5*-7 - (-1 + -3). Let r = t - -64. Calculate the highest common factor of 11 and r.
11
Let q = -4 + 6. Let b be q*(-3)/(-12)*10. Calculate the highest common factor of b and 55.
5
Let g = -6 - -19. What is the greatest common divisor of 13 and g?
13
Let z(k) = -k**3 + 9*k**2 - 11*k + 5. Let i be z(7). Calculate the greatest common factor of i and 286.
26
Let r be -2 + -3 - -7 - (-9 - -1). What is the greatest common factor of r and 70?
10
Let t be ((-16)/(-10))/((-2)/(-5)). Suppose t*x - 2*x - 30 = 0. What is the greatest common divisor of 60 and x?
15
Let n be (4/6)/((-6)/(-783)). Let a = n + -43. Calculate the greatest common divisor of a and 4.
4
Let y = -27 + 30. Calculate the highest common divisor of y and 6.
3
Let u(r) = -r + 3. Let p be u(-4). Suppose -2*b - 34 + 104 = 0. What is the greatest common divisor of b and p?
7
Suppose 35 = h + 3*v, -4*h - 4*v = -31 - 69. What is the greatest common factor of h and 5?
5
Suppose x + 12 = t, -25 = -2*x - 3*x. Calculate the greatest common divisor of 17 and t.
17
Suppose n + 4*h - 51 = 0, -3*h - 3 = -12. Calculate the greatest common divisor of n and 26.
13
Let p(m) = -m**2 + 40. Let b be p(0). Suppose 2*g = 4*g - 16. Let t = g - 3. What is the highest common factor of t and b?
5
Let m = 111 + -193. Let d = m + 28. Let p = d - -78. Calculate the highest common factor of p and 6.
6
Let k(v) = v - 1. Let p be k(5). Calculate the highest common divisor of p and 10.
2
Let i be ((-8)/6*6/4)/(-2). What is the highest common factor of i and 7?
1
Let i(d) be the first derivative of -d**3/3 - 7*d**2/2 - 6*d + 1. Let u be i(-6). Suppose h - 154 = -u*h. Calculate the highest common factor of 14 and h.
14
Suppose 6*t + 42 = 114. Calculate the greatest common divisor of 96 and t.
12
Suppose 3 = 2*x - 17. What is the greatest common divisor of x and 15?
5
Suppose -1100 + 50 = -14*w. Calculate the greatest common divisor of w and 25.
25
Let n be ((-48)/60)/((-4)/10). What is the highest common divisor of 5 and n?
1
Let p = -18 + 41. Let t = 103 - p. Let f be 2 - ((-28)/1 + -2). What is the greatest common divisor of t and f?
16
Let k(y) = -y**3 + 5*y**2. Let a be k(4). Let l be 0 - 4 - (6 - 74). Suppose -g + l = -0*g. What is the greatest common factor of g and a?
16
Suppose 4*f = m + 15, 2*f + 5*m = -3 - 6. What is the greatest common factor of 24 and f?
3
Suppose 1 = 5*v + 6. Let w(g) = 4*g**2 + 2 - 2. Let f be w(v). Calculate the greatest common factor of 20 and f.
4
Let q(k) = 3*k**2 + k + 2. Let w(j) = -j + 2. Let r be w(2). Suppose -5*l + r = -10. Let v be q(l). What is the greatest common divisor of v and 128?
16
Let v(x) = -19*x**3 + x. Let o be v(-1). Suppose -3*m = -p + 9, 0 = 3*m - 2 + 11. Suppose 4*a - 504 = -p*a. What is the highest common divisor of a and o?
18
Let k = 367 - 183. Calculate the greatest common divisor of 46 and k.
46
Suppose -1 = -3*s + 2. Let a = s - 0. Let l = a - 0. What is the highest common factor of 7 and l?
1
Suppose -348 = -4*h + 5*y - 104, 5*y = -h + 86. Calculate the greatest common factor of 44 and h.
22
Let b be (-35 + 1 - 1)/(-1). Suppose b = 4*y - 37. Calculate the greatest common divisor of y and 198.
18
Let u(g) = -g**3 + 3*g**2 - 2. Let x be ((-6)/18)/(1/(-6)). Let f be u(x). Suppose f*a + a = 6. Calculate the greatest common factor of a and 22.
2
Suppose 3*i + 2*t = -0*t + 23, 4*i + 2*t - 34 = 0. What is the greatest common factor of i and 33?
11
Let s(o) = 4*o - 6. Let v(c) = -c**3 - 3*c**2 - 2*c - 1. Let h be v(-3). Let b be s(h). Calculate the greatest common factor of 35 and b.
7
Let s be 138/6 + (2 - 4). What is the highest common divisor of 42 and s?
21
Let a(v) be the first derivative of -v**2 - v + 4. Let d be a(-1). Calculate the highest common factor of d and 1.
1
Let c = -91 - -171. Calculate the greatest common divisor of c and 16.
16
Let l(g) = -g**2 - 5*g - 2. Let x be l(-3). Suppose -324 = -3*q + t, x*q + 3*t - 432 = t. Calculate the highest common factor of 12 and q.
12
Suppose -10 - 2 = -2*k. What is the highest common divisor of 6 and k?
6
Suppose -82 = 3*i - 5*i. Suppose -c + i = 13. Calculate the greatest common factor of 4 and c.
4
Let b be 2/((-149)/(-50) + -3). Let a = b + 253. Calculate the greatest common factor of a and 17.
17
Suppose 9*s - 9 = -0. Suppose 0 = -5*q - 18 + 53. What is the greatest common factor of s and q?
1
Suppose 0 = 4*y + y - 35. Suppose 4*l - 5*g + y = 0, 4*l - 11 - 6 = -3*g. Let t = 3 - l. What is the greatest common factor of 9 and t?
1
Let j be 4/10 - 4/10. Let f be (-2)/(-1) - (-2 + j). Let n = 44 - 28. What is the highest common factor of f and n?
4
Suppose 4*k - 20 = 16. Calculate the highest common factor of k and 9.
9
Let z be (10/8)/(2/8). Suppose -2*u + 208 = -5*n - 23, -z*n - 15 = 0. Calculate the highest common factor of u and 27.
27
Let u = -7 + 15. Let w(n) = -n**3 + 8*n**2 + 3*n - 11. Let s be w(u). Calculate the highest common factor of 143 and s.
13
Suppose -5*t = -2*v - 27, 5*v + 5*t + 50 = -0*v. Let p = 3 - v. Calculate the highest common factor of 70 and p.
14
Suppose -3*b = -4*b + 2. Calculate the greatest common divisor of 2 and b.
2
Suppose 4*t + 5*u = 6*t - 495, t - 4*u = 243. Calculate the highest common divisor of t and 51.
51
Let h be (-39)/2*408/(-36). What is the greatest common factor of 13 and h?
13
Suppose -8*y - 231 = -11*y. Calculate the highest common divisor of 7 and y.
7
Let w = -133 + 145. What is the greatest common factor of w and 6?
6
Let u = -53 + 77. Calculate the greatest common factor of u and 72.
24
Suppose 2*b + 0*b + 3*w = 67, -5*b + w + 159 = 0. Let u be 344/b + 3/(-4). Let y = -33 + 53. Calculate the highest common factor of y and u.
10
Let h = 836 - 529. Suppose h = 4*s + 5*z - 26, 5*z - 25 = 0. Let x = s + -53. Calculate the highest common divisor of 16 and x.
8
Suppose 7*f - 55 - 120 = 0. Calculate the greatest common factor of 20 and f.
5
Suppose -197 = -6*a - 41. Calculate the greatest common divisor of a and 208.
26
Let q be -5*(17 + 0)/(2/(-4)). Calculate the greatest common divisor of q and 68.
34
Suppose -3*y - 3*b = -3, 3*y + 2*b - 3 = -1. Let c = y - -3. What is the greatest common factor of c and 24?
3
Suppose 4*k = -5*j + 50, 2*j + 22 = 2*k + 6*j. Let h = k + 33. What is the highest common factor of h and 16?
16
Suppose 0 = -5*i - 20, -w + 2 + 14 = 3*i. Calculate the greatest common divisor of 7 and w.
7
Suppose 0 = -5*n + 2*k + 21, -3*n + 7*n + 4*k = 28. Calculate the highest common divisor of n and 55.
5
Let u(c) = 5*c + 3. Let z be u(-9). Let b = -21 - z. Suppose -b = -5*f + 3*x, 4*f + 4*x - 24 = 2*f. What is the highest common divisor of f and 2?
2
Suppose -10 = c - 2*c. Let x = 0 + c. Let q be ((-16)/5)/(6/(-75)). Calculate the greatest common divisor of x and q.
10
Let k be ((-2)/(-2))/((-2)/4). Let z = 18 + k. Calculate the greatest common divisor of 112 and z.
16
Let t = -26 + 38. Suppose 29*x - 768 = 21*x. What is the greatest common divisor of x and t?
12
Suppose q - 2*d - 17 = 201, 0 = -5*q + 3*d + 1111. Suppose 3*j + 35 = q. Suppose 16 + 19 = 5*x. Calculate the greatest common factor of x and j.
7
Suppose m - 283 = -4*t, -2*m - 298 = -0*t - 4*t. Let o = 29 - 18. Let r = o + -3. What is the greatest common divisor of t and r?
8
Let y(n) = -n**2 + n - 2. Let r be y(-3). Let b be ((-24)/r)/(1/70). Let i be -1*(8*-2 + 1). What is the greatest common factor of b and i?
15
Let n(o) = -